{"id":86,"date":"2013-12-02T20:26:15","date_gmt":"2013-12-02T19:26:15","guid":{"rendered":"http:\/\/p210282.webspaceconfig.de\/wettbewerb\/2012-2\/jury\/"},"modified":"2014-07-16T18:41:05","modified_gmt":"2014-07-16T16:41:05","slug":"jury","status":"publish","type":"page","link":"https:\/\/ait-xia-dialog.de\/tile-award\/wettbewerb\/2012-2\/jury\/","title":{"rendered":"Jury"},"content":{"rendered":"<h2>Geballte Kompetenz: Die Jury des TILE AWARD 2012<\/h2>\n<p>Die diesj\u00e4hrige Expertenrunde setzt sich aus den folgenden Juroren zusammen:<\/p>\n<p>Raimund Docmac | Raimund Domac<br \/>\nPetra Wollenberg | lwa leyk wollenberg architekten gbr<br \/>\nWillem Bruijn | Baumschlager Eberle<div class=\"hr\"><\/div>\n<div class=\"grid one-half\">\n<h3>Raimund Docmac<\/h3>\n<p>Raimund Docmac | Stuttgart<br \/>\n<a href=\"http:\/\/www.atelier-brueckner.de\" target=\"_blank\">www.atelier-brueckner.de<\/a><\/p>\n<p><img decoding=\"async\" loading=\"lazy\" class=\"alignnone size-full wp-image-269\" alt=\"docmac_raimund-small\" src=\"http:\/\/p210282.webspaceconfig.de\/wp-content\/uploads\/2013\/12\/docmac_raimund-small.jpg\" width=\"446\" height=\"289\" srcset=\"https:\/\/ait-xia-dialog.de\/tile-award\/wp-content\/uploads\/2013\/12\/docmac_raimund-small.jpg 446w, https:\/\/ait-xia-dialog.de\/tile-award\/wp-content\/uploads\/2013\/12\/docmac_raimund-small-300x194.jpg 300w\" sizes=\"(max-width: 446px) 100vw, 446px\" \/><\/p>\n<div class=\"toggle\"><div class=\"title\"><i class=\"icon\"><\/i>Vita<\/div><div class=\"inner\"><div class=\"content\">\n<ul>\n<li><strong>1971:<\/strong> Geboren in Stuttgart<\/li>\n<li><strong>1993-1999:<\/strong> Studium Architektur und Design (Staatliche Akademie der Bildenden K\u00fcnste, Stuttgart)<\/li>\n<li><strong>seit 1999:<\/strong> ATELIER BR\u00dcCKNER, Stuttgart<\/li>\n<li>Projektleitung sowie verantwortliche Mitarbeit Projekte.<\/li>\n<li>Projektentwicklungen, Konzeptstudien und Wettbewerbe.<\/li>\n<li><strong>2003:<\/strong> Ausstellung im Salone Satellite; M\u00f6beldesign, Mailand<\/li>\n<li><strong>seit 2003:<\/strong> Mitglied in der Architektenkamer Baden-W\u00fcrttemberg<\/li>\n<li><strong>seit 2010:<\/strong> Assoziierter im ATELIER BR\u00dcCKNER<\/li>\n<\/ul>\n<\/div><\/div><\/div>\n<\/div>\n<div class=\"grid one-half last\">\n<h3>Petra Wollenberg<\/h3>\n<p>lwa leyk wollenberg architekten gbr | Berlin<br \/>\n<a href=\"http:\/\/www.lwarchitects.eu\" target=\"_blank\">www.lwarchitects.eu<\/a><\/p>\n<p><img decoding=\"async\" loading=\"lazy\" alt=\"petra-wollenberg-small\" src=\"http:\/\/p210282.webspaceconfig.de\/wp-content\/uploads\/2013\/12\/petra-wollenberg-small.jpg\" width=\"307\" height=\"199\" \/><\/p>\n<div class=\"toggle\"><div class=\"title\"><i class=\"icon\"><\/i>Vita<\/div><div class=\"inner\"><div class=\"content\">\n<ul>\n<li><strong>09\/2009-08\/2011:<\/strong>\u00a0Hochschule Lausitz Cottbus, Professorin f\u00fcr St\u00e4dtebau und Entwerfen (W3)<\/li>\n<li><strong>2009:<\/strong>\u00a0Beuth, Hochschule f\u00fcr Technik Berlin, Lehrauftrag St\u00e4dtebau<\/li>\n<li><strong>2005-2008:<\/strong>\u00a0Eidgen\u00f6ssische Technische Hoschschule Z\u00fcrich, Dozentin f\u00fcr Architektur und St\u00e4dtebau, Konzeption und Durchf\u00fchrung, Symposium \u201eUrban Reports\u201c<\/li>\n<li><strong>2007:<\/strong>\u00a0Meister f\u00fcr Meisterklasse Lux Futura, Wettbewerb Workshop Lux Futura in Havanna, Kuba<\/li>\n<li><strong>ab 2000:<\/strong>\u00a0Partner in lwa, leyk wollenberg architekten<\/li>\n<li><strong>1999-2005:<\/strong>\u00a0Springer Architekten- Berlin, Projektarchitektin Bernd Albers-Berlin, Projektarchitektin<\/li>\n<li><strong>1995:<\/strong>\u00a0Technische Universit\u00e4t Braunschweig, Diplom<\/li>\n<li><strong>1990-1991:<\/strong>\u00a0Universidad Politecnicade Catalunya, Barcelona, Studio Albert, Viaplana und Moises Gallego<\/li>\n<li><strong>1984-1986:<\/strong>\u00a0Auslbildung als G\u00e4rtnerin, Fachsparte Baumschule<\/li>\n<li><strong>1984:<\/strong>\u00a0Abitur, Schloss-Gymnasium Wolfenb\u00fcttel<\/li>\n<li><strong>1965:<\/strong>\u00a0geboren in Wolfenb\u00fcttel<\/li>\n<\/ul>\n<\/div><\/div><\/div>\n<\/div><div class=\"clear\"><\/div>\n<div class=\"hr\"><\/div>\n<div class=\"grid one-half\">\n<h3>Willem Bruijn<\/h3>\n<p>Baumschlager Eberle | Lochau<br \/>\n<a href=\"http:\/\/www.baumschlager-eberle.com\" target=\"_blank\">www.baumschlager-eberle.com<\/a><\/p>\n<p><img decoding=\"async\" loading=\"lazy\" alt=\"willem-bruijn-small\" src=\"http:\/\/p210282.webspaceconfig.de\/wp-content\/uploads\/2013\/12\/willem-bruijn-small.jpg\" width=\"307\" height=\"199\" \/><\/p>\n<div class=\"toggle\"><div class=\"title\"><i class=\"icon\"><\/i>Vita<\/div><div class=\"inner\"><div class=\"content\">\n<p>Willem Bruijn studierte in Delft (NL) und besitzt \u00fcber 25 Jahre Arbeitserfahrung in der Schweiz, den Niederlanden und \u00d6sterreich. Ist seit 2002 bei Baumschlager Eberle in Lochau, seit 2007 als Senior Partner.<\/p>\n<p>Er hat internationale Wettbewerbe gewonnen, war Projektleiter f\u00fcr Gro\u00dfprojekte und ist f\u00fcr internationale Kontakte zust\u00e4ndig.<\/p>\n<p>Ausgesuchte Projekte:<\/p>\n<ul>\n<li>AZ Groeninghe 1000 bed Hospital Kortrijk (B) zusammen mit Baumschlager Eberle Vaduz<\/li>\n<li>Wohnanlage Teglholmen, Kopenhagen (DK) zusammen mit Arkitema<\/li>\n<li>Village on the Aegean Coast, Nar Valley (TR) zusammen mit Foster Partners, Steven Holl Architects, uA<\/li>\n<li>Innercity Housing Oosterdokseiland Amsterdam (NL)<\/li>\n<li>Vodafone Netherlands B\u00fcrogeb\u00e4ude, Amsterdam (NL)<\/li>\n<li>Vijzelstraat Condominium, Amsterdam (NL)<\/li>\n<li>Congress Concerthouse Malm\u00f6 (S) zusammen mit K&amp;T Arkitekterna<\/li>\n<li>Yachthafen Rohner, Fussach (A)<\/li>\n<li>Solids IJburg, Amsterdam (NL)<\/li>\n<li>Wohnhochhaus Jheronimus \u00b4s-Hertogenbosch (NL)<\/li>\n<li>Verschiedenen Wettbewerbe in F, B, NL, S, D, A, AL, KZ, DK, CH<\/li>\n<\/ul>\n<\/div><\/div><\/div>\n<\/div>\n<div class=\"grid one-half last\">\n<h3><\/h3>\n<\/div><div class=\"clear\"><\/div>\n","protected":false},"excerpt":{"rendered":"<p>Geballte Kompetenz: Die Jury des TILE AWARD 2012 Die diesj\u00e4hrige Expertenrunde setzt sich aus den folgenden Juroren zusammen: Raimund Docmac | Raimund Domac Petra Wollenberg | lwa leyk wollenberg architekten gbr Willem Bruijn | Baumschlager Eberle<\/p>\n","protected":false},"author":4,"featured_media":0,"parent":74,"menu_order":17,"comment_status":"closed","ping_status":"open","template":"page-templates\/child-menu-left.php","meta":[],"_links":{"self":[{"href":"https:\/\/ait-xia-dialog.de\/tile-award\/wp-json\/wp\/v2\/pages\/86"}],"collection":[{"href":"https:\/\/ait-xia-dialog.de\/tile-award\/wp-json\/wp\/v2\/pages"}],"about":[{"href":"https:\/\/ait-xia-dialog.de\/tile-award\/wp-json\/wp\/v2\/types\/page"}],"author":[{"embeddable":true,"href":"https:\/\/ait-xia-dialog.de\/tile-award\/wp-json\/wp\/v2\/users\/4"}],"replies":[{"embeddable":true,"href":"https:\/\/ait-xia-dialog.de\/tile-award\/wp-json\/wp\/v2\/comments?post=86"}],"version-history":[{"count":33,"href":"https:\/\/ait-xia-dialog.de\/tile-award\/wp-json\/wp\/v2\/pages\/86\/revisions"}],"predecessor-version":[{"id":1943,"href":"https:\/\/ait-xia-dialog.de\/tile-award\/wp-json\/wp\/v2\/pages\/86\/revisions\/1943"}],"up":[{"embeddable":true,"href":"https:\/\/ait-xia-dialog.de\/tile-award\/wp-json\/wp\/v2\/pages\/74"}],"wp:attachment":[{"href":"https:\/\/ait-xia-dialog.de\/tile-award\/wp-json\/wp\/v2\/media?parent=86"}],"curies":[{"name":"wp","href":"https:\/\/api.w.org\/{rel}","templated":true}]}}

<h2>Geballte Kompetenz: Die Jury des TILE AWARD 2012</h2>
<p>Die diesjährige Expertenrunde setzt sich aus den folgenden Juroren zusammen:</p>
<p>Raimund Docmac | Raimund Domac<br />
Petra Wollenberg | lwa leyk wollenberg architekten gbr<br />
Willem Bruijn | Baumschlager Eberle<div class="hr"></div>
<div class="grid one-half">
<h3>Raimund Docmac</h3>
<p>Raimund Docmac | Stuttgart<br />
<a href="http://www.atelier-brueckner.de" target="_blank">www.atelier-brueckner.de</a></p>
<p><img decoding="async" loading="lazy" class="alignnone size-full wp-image-269" alt="docmac_raimund-small" src="http://p210282.webspaceconfig.de/wp-content/uploads/2013/12/docmac_raimund-small.jpg" width="446" height="289" srcset="https://ait-xia-dialog.de/tile-award/wp-content/uploads/2013/12/docmac_raimund-small.jpg 446w, https://ait-xia-dialog.de/tile-award/wp-content/uploads/2013/12/docmac_raimund-small-300x194.jpg 300w" sizes="(max-width: 446px) 100vw, 446px" /></p>
<div class="toggle"><div class="title"><i class="icon"></i>Vita</div><div class="inner"><div class="content">
<ul>
<li><strong>1971:</strong> Geboren in Stuttgart</li>
<li><strong>1993-1999:</strong> Studium Architektur und Design (Staatliche Akademie der Bildenden Künste, Stuttgart)</li>
<li><strong>seit 1999:</strong> ATELIER BRÜCKNER, Stuttgart</li>
<li>Projektleitung sowie verantwortliche Mitarbeit Projekte.</li>
<li>Projektentwicklungen, Konzeptstudien und Wettbewerbe.</li>
<li><strong>2003:</strong> Ausstellung im Salone Satellite; Möbeldesign, Mailand</li>
<li><strong>seit 2003:</strong> Mitglied in der Architektenkamer Baden-Württemberg</li>
<li><strong>seit 2010:</strong> Assoziierter im ATELIER BRÜCKNER</li>
</ul>
</div></div></div>
</div>
<div class="grid one-half last">
<h3>Petra Wollenberg</h3>
<p>lwa leyk wollenberg architekten gbr | Berlin<br />
<a href="http://www.lwarchitects.eu" target="_blank">www.lwarchitects.eu</a></p>
<p><img decoding="async" loading="lazy" alt="petra-wollenberg-small" src="http://p210282.webspaceconfig.de/wp-content/uploads/2013/12/petra-wollenberg-small.jpg" width="307" height="199" /></p>
<div class="toggle"><div class="title"><i class="icon"></i>Vita</div><div class="inner"><div class="content">
<ul>
<li><strong>09/2009-08/2011:</strong> Hochschule Lausitz Cottbus, Professorin für Städtebau und Entwerfen (W3)</li>
<li><strong>2009:</strong> Beuth, Hochschule für Technik Berlin, Lehrauftrag Städtebau</li>
<li><strong>2005-2008:</strong> Eidgenössische Technische Hoschschule Zürich, Dozentin für Architektur und Städtebau, Konzeption und Durchführung, Symposium „Urban Reports“</li>
<li><strong>2007:</strong> Meister für Meisterklasse Lux Futura, Wettbewerb Workshop Lux Futura in Havanna, Kuba</li>
<li><strong>ab 2000:</strong> Partner in lwa, leyk wollenberg architekten</li>
<li><strong>1999-2005:</strong> Springer Architekten- Berlin, Projektarchitektin Bernd Albers-Berlin, Projektarchitektin</li>
<li><strong>1995:</strong> Technische Universität Braunschweig, Diplom</li>
<li><strong>1990-1991:</strong> Universidad Politecnicade Catalunya, Barcelona, Studio Albert, Viaplana und Moises Gallego</li>
<li><strong>1984-1986:</strong> Auslbildung als Gärtnerin, Fachsparte Baumschule</li>
<li><strong>1984:</strong> Abitur, Schloss-Gymnasium Wolfenbüttel</li>
<li><strong>1965:</strong> geboren in Wolfenbüttel</li>
</ul>
</div></div></div>
</div><div class="clear"></div>
<div class="hr"></div>
<div class="grid one-half">
<h3>Willem Bruijn</h3>
<p>Baumschlager Eberle | Lochau<br />
<a href="http://www.baumschlager-eberle.com" target="_blank">www.baumschlager-eberle.com</a></p>
<p><img decoding="async" loading="lazy" alt="willem-bruijn-small" src="http://p210282.webspaceconfig.de/wp-content/uploads/2013/12/willem-bruijn-small.jpg" width="307" height="199" /></p>
<div class="toggle"><div class="title"><i class="icon"></i>Vita</div><div class="inner"><div class="content">
<p>Willem Bruijn studierte in Delft (NL) und besitzt über 25 Jahre Arbeitserfahrung in der Schweiz, den Niederlanden und Österreich. Ist seit 2002 bei Baumschlager Eberle in Lochau, seit 2007 als Senior Partner.</p>
<p>Er hat internationale Wettbewerbe gewonnen, war Projektleiter für Großprojekte und ist für internationale Kontakte zuständig.</p>
<p>Ausgesuchte Projekte:</p>
<ul>
<li>AZ Groeninghe 1000 bed Hospital Kortrijk (B) zusammen mit Baumschlager Eberle Vaduz</li>
<li>Wohnanlage Teglholmen, Kopenhagen (DK) zusammen mit Arkitema</li>
<li>Village on the Aegean Coast, Nar Valley (TR) zusammen mit Foster Partners, Steven Holl Architects, uA</li>
<li>Innercity Housing Oosterdokseiland Amsterdam (NL)</li>
<li>Vodafone Netherlands Bürogebäude, Amsterdam (NL)</li>
<li>Vijzelstraat Condominium, Amsterdam (NL)</li>
<li>Congress Concerthouse Malmö (S) zusammen mit K&amp;T Arkitekterna</li>
<li>Yachthafen Rohner, Fussach (A)</li>
<li>Solids IJburg, Amsterdam (NL)</li>
<li>Wohnhochhaus Jheronimus ´s-Hertogenbosch (NL)</li>
<li>Verschiedenen Wettbewerbe in F, B, NL, S, D, A, AL, KZ, DK, CH</li>
</ul>
</div></div></div>
</div>
<div class="grid one-half last">
<h3></h3>
</div><div class="clear"></div>

<p>Geballte Kompetenz: Die Jury des TILE AWARD 2012 Die diesjährige Expertenrunde setzt sich aus den folgenden Juroren zusammen: Raimund Docmac | Raimund Domac Petra Wollenberg | lwa leyk wollenberg architekten gbr Willem Bruijn | Baumschlager Eberle</p>
