{"id":81,"date":"2013-12-02T20:26:15","date_gmt":"2013-12-02T19:26:15","guid":{"rendered":"http:\/\/p210282.webspaceconfig.de\/teilnehmer\/2010-2\/"},"modified":"2014-08-04T17:20:44","modified_gmt":"2014-08-04T15:20:44","slug":"2010-2","status":"publish","type":"page","link":"https:\/\/ait-xia-dialog.de\/tile-award\/teilnehmer\/2010-2\/","title":{"rendered":"2010"},"content":{"rendered":"<p><a href=\"https:\/\/ait-xia-dialog.de\/tile-award\/wp-content\/uploads\/2014\/07\/TAW_510.jpg\" data-rel=\"lightbox-image-0\" data-imagelightbox=\"0\" data-rl_title=\"\" data-rl_caption=\"\" title=\"\"><img decoding=\"async\" loading=\"lazy\" class=\"alignnone size-full wp-image-1417\" src=\"https:\/\/ait-xia-dialog.de\/tile-award\/wp-content\/uploads\/2014\/07\/TAW_510.jpg\" alt=\"SONY DSC\" width=\"3872\" height=\"2592\" srcset=\"https:\/\/ait-xia-dialog.de\/tile-award\/wp-content\/uploads\/2014\/07\/TAW_510.jpg 3872w, https:\/\/ait-xia-dialog.de\/tile-award\/wp-content\/uploads\/2014\/07\/TAW_510-300x200.jpg 300w, https:\/\/ait-xia-dialog.de\/tile-award\/wp-content\/uploads\/2014\/07\/TAW_510-1024x685.jpg 1024w, https:\/\/ait-xia-dialog.de\/tile-award\/wp-content\/uploads\/2014\/07\/TAW_510-640x428.jpg 640w\" sizes=\"(max-width: 3872px) 100vw, 3872px\" \/><\/a><br \/>\nv. l. n. r.: Ivonne Hater, \u00c1kos Schreck, Ale\u0161 Ko\u0161ak, Hanko Hoyer, Marion B\u00fcrger, Gytis Vaitkevi\u010dius, Ivana Popovic, Gero Kindermann, Melinda K\u00fchn, Albuquerque Goinhas, Kolja Janiszewsk, Andrea Bollig, Christiane von der Laake, Daniel Lockefeer, Florian Spaelty, Adelheid Bannach, Philipp Herrich, Claudia Bohl, Erin Moon, Andr\u00e9 Assenmacher, Marco Noch, Max Rink<\/p>\n","protected":false},"excerpt":{"rendered":"<p>v. l. n. r.: Ivonne Hater, \u00c1kos Schreck, Ale\u0161 Ko\u0161ak, Hanko Hoyer, Marion B\u00fcrger, Gytis Vaitkevi\u010dius, Ivana Popovic, Gero Kindermann, Melinda K\u00fchn, Albuquerque Goinhas, Kolja Janiszewsk, Andrea Bollig, Christiane von der Laake, Daniel Lockefeer, Florian Spaelty, Adelheid Bannach, Philipp Herrich, Claudia Bohl, Erin Moon, Andr\u00e9 Assenmacher, Marco Noch, Max Rink<\/p>\n","protected":false},"author":4,"featured_media":0,"parent":23,"menu_order":3,"comment_status":"closed","ping_status":"closed","template":"page-templates\/child-menu-left.php","meta":[],"_links":{"self":[{"href":"https:\/\/ait-xia-dialog.de\/tile-award\/wp-json\/wp\/v2\/pages\/81"}],"collection":[{"href":"https:\/\/ait-xia-dialog.de\/tile-award\/wp-json\/wp\/v2\/pages"}],"about":[{"href":"https:\/\/ait-xia-dialog.de\/tile-award\/wp-json\/wp\/v2\/types\/page"}],"author":[{"embeddable":true,"href":"https:\/\/ait-xia-dialog.de\/tile-award\/wp-json\/wp\/v2\/users\/4"}],"replies":[{"embeddable":true,"href":"https:\/\/ait-xia-dialog.de\/tile-award\/wp-json\/wp\/v2\/comments?post=81"}],"version-history":[{"count":4,"href":"https:\/\/ait-xia-dialog.de\/tile-award\/wp-json\/wp\/v2\/pages\/81\/revisions"}],"predecessor-version":[{"id":2673,"href":"https:\/\/ait-xia-dialog.de\/tile-award\/wp-json\/wp\/v2\/pages\/81\/revisions\/2673"}],"up":[{"embeddable":true,"href":"https:\/\/ait-xia-dialog.de\/tile-award\/wp-json\/wp\/v2\/pages\/23"}],"wp:attachment":[{"href":"https:\/\/ait-xia-dialog.de\/tile-award\/wp-json\/wp\/v2\/media?parent=81"}],"curies":[{"name":"wp","href":"https:\/\/api.w.org\/{rel}","templated":true}]}}