{"id":8,"date":"2013-11-25T20:37:09","date_gmt":"2013-11-25T19:37:09","guid":{"rendered":"http:\/\/p210282.webspaceconfig.de\/?page_id=8"},"modified":"2018-11-09T15:05:18","modified_gmt":"2018-11-09T14:05:18","slug":"start","status":"publish","type":"page","link":"https:\/\/ait-xia-dialog.de\/tile-award\/","title":{"rendered":"Start"},"content":{"rendered":"<h2>Die Gewinner der zweiten Phase des Internationalen Newcomer Wettbewerbs TILE AWARD 2017 stehen fest.<\/h2>\n<p>In der zweiten Jurysitzung, die am 19. Januar 2018 im AIT- ArchitekturSalon Hamburg stattfand, w\u00e4hlten die Jurymitglieder <strong>Brendan MacFarlane <\/strong><strong>(<\/strong>Jakob + MacFarlane, FR-Paris), <strong>Johan Oscarson <\/strong>(Elding Oscarson, SE-Stockholm), <strong>Michael Stoz <\/strong>(Partner AG, DE-Offenburg) und <strong>Christian Waldner <\/strong>(AllesWirdGut Architektur ZT GmbH, AT-Wien\/DE-M\u00fcnchen), die aussagekr\u00e4ftigsten Entw\u00fcrfe als Gewinner des vierten TILE AWARDS aus.<\/p>\n<p><strong>Preistr\u00e4ger<\/strong><\/p>\n<p><strong>Avishkar Bharati, JDAP Design \u2013 Architecture \u2013 Planning, IN-Mumbai mit dem Projekt\u00a0 <strong><strong>\u201cTransmittance-Colour curtain\u201d<\/strong><\/strong><br \/>\n<\/strong><\/p>\n<p><strong>Andreas Crynen, Dipl. Ing Architekt, DE-M\u00f6nchengladbach\u00a0<strong><strong>mit dem Projekt <\/strong>\u00a0 <\/strong><strong><strong>\u201cRE:TILE\u201d<\/strong><br \/>\n<\/strong><\/strong><\/p>\n<p><strong>Agnes Morguet, Agnes Morguet Innenarchitektur &amp; Design, DE-K\u00f6ln\u00a0<strong><strong><strong>mit dem Projekt <\/strong>\u00a0 <\/strong>\u201cStay Unique\u201d<\/strong><br \/>\n<\/strong><\/p>\n<!-- meta slider -->\n<div style=\"max-width: 940px;\" class=\"metaslider metaslider-flex metaslider-3679 ml-slider nav-hidden\">\n    \n    <div id=\"metaslider_container_3679\">\n        <div id=\"metaslider_3679\">\n            <ul class=\"slides\">\n                <li style=\"display: block; width: 100%;\" class=\"slide-3681 ms-image\"><img src=\"https:\/\/ait-xia-dialog.de\/tile-award\/wp-content\/uploads\/2018\/01\/transmittance-slide.jpg\" height=\"317\" width=\"940\" alt=\"\" class=\"slider-3679 slide-3681\" \/><div class=\"caption-wrap\"><div class=\"caption\">Transmittance-Colour curtain | Avishkar Bharati, JDAP Design \u2013 Architecture \u2013 Planning, IN-Mumbai\n\n<\/div><\/div><\/li>\n                <li style=\"display: none; width: 100%;\" class=\"slide-3683 ms-image\"><img src=\"https:\/\/ait-xia-dialog.de\/tile-award\/wp-content\/uploads\/2018\/01\/retile-slide.jpg\" height=\"317\" width=\"940\" alt=\"\" class=\"slider-3679 slide-3683\" \/><div class=\"caption-wrap\"><div class=\"caption\">RE:TILE | Andreas Crynen, Ingenhoven Architects, DE-M\u00f6nchengladbach\n\n<\/div><\/div><\/li>\n                <li style=\"display: none; width: 100%;\" class=\"slide-3682 ms-image\"><img src=\"https:\/\/ait-xia-dialog.de\/tile-award\/wp-content\/uploads\/2018\/01\/stayunique-slide.jpg\" height=\"317\" width=\"940\" alt=\"\" class=\"slider-3679 slide-3682\" \/><div class=\"caption-wrap\"><div class=\"caption\">Stay Unique | Agnes Morguet, Agnes Morguet Innenarchitektur & Design, DE-K\u00f6ln\n\n<\/div><\/div><\/li>\n            <\/ul>\n        <\/div>\n        \n    <\/div>\n    <script type=\"text\/javascript\">\n        var metaslider_3679 = function($) {\n            $('#metaslider_3679').addClass('flexslider'); \/\/ theme\/plugin conflict avoidance\n            $('#metaslider_3679').flexslider({ \n                slideshowSpeed:3000,\n                animation:\"fade\",\n                controlNav:false,\n                directionNav:false,\n                pauseOnHover:true,\n                direction:\"horizontal\",\n                reverse:false,\n                animationSpeed:600,\n                prevText:\"&lt;\",\n                nextText:\"&gt;\",\n                slideshow:true\n            });\n        };\n        var timer_metaslider_3679 = function() {\n            var slider = !window.jQuery ? window.setTimeout(timer_metaslider_3679, 100) : !jQuery.isReady ? window.setTimeout(timer_metaslider_3679, 1) : metaslider_3679(window.jQuery);\n        };\n        timer_metaslider_3679();\n    <\/script>\n<\/div>\n<!--\/\/ meta slider-->\n<p>&nbsp;<\/p>\n<p>Die Designs der drei Gewinner werden als Mock-up 1:1 gebaut und in einem professionellen Fotoshooting dokumentiert.<\/p>\n<p>Zum <strong>TILE AWARD 2017<\/strong> wurden insgesamt 63 Projekte aus 20 L\u00e4ndern eingereicht.Aufgabenstellung war es,zum Thema \u201eFarbe und Patterns in der Architektur\u201c einen Raum innovativ und kreativ durch die Verwendung von Fliesen neu zu gestalten und somit die vielf\u00e4ltigen Einsatzm\u00f6glichkeiten des Materials aufzuzeigen. Die Jury selektierte im ersten Durchgang neun aufsehenerregende Interpretationen zum Thema. Diese wurden im September 2017 auf einer Workshopreise in Island weiterentwickelt und f\u00fcr eine m\u00f6gliche Realisierung detailliert ausgearbeitet. Vor Ort waren auch Experten von <strong>AGROB BUCHTAL<\/strong>, die beratend zur Seite standen.<\/p>\n<p>&nbsp;<\/p>\n<p>Weitere Informationen unter: <a href=\"mailto:tile-award@ait-online.de\">tile-award@ait-online.de<\/a><\/p>\n<div class=\"hr\"><\/div>\n<div class=\"grid one-half\">\n<h2>Workshopreise nach Island, September 2017<\/h2>\n<p><a href=\"https:\/\/ait-xia-dialog.de\/tile-award\/wp-content\/uploads\/2013\/11\/Gruppe.jpg\" data-rel=\"lightbox-image-0\" data-imagelightbox=\"0\" data-rl_title=\"\" data-rl_caption=\"\" title=\"\"><img decoding=\"async\" loading=\"lazy\" class=\"alignleft wp-image-3697 size-full\" src=\"https:\/\/ait-xia-dialog.de\/tile-award\/wp-content\/uploads\/2013\/11\/Gruppe.jpg\" alt=\"\" width=\"800\" height=\"533\" srcset=\"https:\/\/ait-xia-dialog.de\/tile-award\/wp-content\/uploads\/2013\/11\/Gruppe.jpg 800w, https:\/\/ait-xia-dialog.de\/tile-award\/wp-content\/uploads\/2013\/11\/Gruppe-300x199.jpg 300w, https:\/\/ait-xia-dialog.de\/tile-award\/wp-content\/uploads\/2013\/11\/Gruppe-640x426.jpg 640w\" sizes=\"(max-width: 800px) 100vw, 800px\" \/><\/a>Die neun Gewinner der ersten Runde des Tile Awards 2017 waren Anfang September eingeladen, in Island Ihre eingereichten Projekte zum TILE AWARD 2017 weiter auszuarbeiten. Mit der fachlichen Beratung von Agrob Buchtal haben <strong>Joao Araujo Sousa<\/strong> (PT-Porto), <strong>Avishkar Bharati<\/strong> (IN- Mumbai), <strong>Malwina Borowiec<\/strong> (PL- Warsaw), <strong>Andreas Crynen<\/strong> (DE- D\u00fcsseldorf), <strong>Joa Herrenknecht<\/strong> (DE- Berlin), <strong>Agata Kycia<\/strong> (DE- Berlin), <strong>Agnes Morguet<\/strong> (DE- Cologne), <strong>Prajapati Piyush <\/strong>(GAE- Dubai) und <strong>Olga Solomatina<\/strong> (RU- Moscow) ihre Entw\u00fcrfe vorgestellt und weiterentwickelt.<\/p>\n<span class=\"button-wrap\"><a href=\"workshop\/2017-2\/\" class=\"button default\">Mehr Informationen<\/a><\/span>\n<\/div>\n<div class=\"grid one-half last\">\n<h2>Jury 2017<\/h2>\n<p><img decoding=\"async\" loading=\"lazy\" class=\"alignleft size-full wp-image-3487\" src=\"https:\/\/ait-xia-dialog.de\/tile-award\/wp-content\/uploads\/2017\/07\/Unbenannt-2.jpg\" alt=\"Unbenannt-2\" width=\"450\" height=\"291\" srcset=\"https:\/\/ait-xia-dialog.de\/tile-award\/wp-content\/uploads\/2017\/07\/Unbenannt-2.jpg 450w, https:\/\/ait-xia-dialog.de\/tile-award\/wp-content\/uploads\/2017\/07\/Unbenannt-2-300x194.jpg 300w\" sizes=\"(max-width: 450px) 100vw, 450px\" \/><br \/>\nDie diesj\u00e4hrige Expertenrunde setzt sich aus den folgenden Juroren zusammen:<br \/>\n<strong>Brendan MacFarlane <\/strong>| Jakob + MacFarlane, FR-Paris (l.),\u00a0 <strong>Johan Oscarson <\/strong>| Elding Oscarson, SE-Stockholm (2.v.l.) , <strong>Michael Stoz <\/strong>| Partner AG, DE-Offenburg (m.), <strong>Bo\u0161tjan Vuga<\/strong> | SADAR+VUGA d.o.o. (2.v.r.), SI-Ljubljana und <strong>Christian Waldner <\/strong>| AllesWirdGut Architektur ZT GmbH, AT-Wien\/DE-M\u00fcnchen (r.).<br \/>\n<span class=\"button-wrap\"><a href=\"wettbewerb\/2017-2\/jury\/\" class=\"button default\">Mehr zur Jury 2017<\/a><\/span>\n<\/div><div class=\"clear\"><\/div>\n<div class=\"hr\"><\/div>\n<div class=\"grid one-third\">\n<h3>about: CERAMIC TILES #05<\/h3>\n<p><a href=\"\/broschueren\/\"><img decoding=\"async\" loading=\"lazy\" class=\"alignnone wp-image-2192 size-medium\" src=\"https:\/\/ait-xia-dialog.de\/tile-award\/wp-content\/uploads\/2018\/11\/about_05_de_1b.jpg\" alt=\"about: CERAMIC TILES #04\" width=\"609\" height=\"878\" \/><\/a><br \/>\n<a href=\"\/broschueren\/\"> Zum Magazin<\/a><br \/>\nEindr\u00fccke der Workshop-Reise nach Island, die finalen Preistr\u00e4ger, das Making Of der 1:1 Mock-ups, sowie die Ergebnisse aller Workshopteilnehmer des TILE AWARD 2017 finden Sie auf den Seiten  12-47.<br \/>\n<\/div>\n<div class=\"grid one-third\">\n<h3>about: CERAMIC TILES #04<\/h3>\n<p><a href=\"\/broschueren\/\"><img decoding=\"async\" loading=\"lazy\" class=\"alignnone wp-image-2192 size-medium\" src=\"https:\/\/ait-xia-dialog.de\/tile-award\/wp-content\/uploads\/2017\/03\/about_ceramic_tiles_04.jpg\" alt=\"about: CERAMIC TILES #04\" width=\"609\" height=\"878\" \/><\/a><br \/>\n<a href=\"\/broschueren\/\"> Zum Magazin<\/a><br \/>\n<\/div>\n<div class=\"grid one-third last\">\n<h3>about: CERAMIC TILES 2015<\/h3>\n<p><a href=\"\/broschueren\/\"><img decoding=\"async\" loading=\"lazy\" class=\"alignleft size-full wp-image-2879\" src=\"https:\/\/ait-xia-dialog.de\/tile-award\/wp-content\/uploads\/2013\/11\/about-ceramic-tiles-2015.jpg\" alt=\"about-ceramic-tiles-2015\" width=\"609\" height=\"878\" srcset=\"https:\/\/ait-xia-dialog.de\/tile-award\/wp-content\/uploads\/2013\/11\/about-ceramic-tiles-2015.jpg 609w, https:\/\/ait-xia-dialog.de\/tile-award\/wp-content\/uploads\/2013\/11\/about-ceramic-tiles-2015-208x300.jpg 208w\" sizes=\"(max-width: 609px) 100vw, 609px\" \/><\/a><br \/>\n<a href=\"\/broschueren\/\">Zum Magazin<\/a><br \/>\nDie Preistr\u00e4ger und alle Ergebnisse der Workshopteilnehmer des TILE AWARD 2014 auf Seite 28-59.<br \/>\n<\/div><div class=\"clear\"><\/div>\n<div class=\"grid one-third\">\n<h3>about: CERAMIC TILES 2014<\/h3>\n<p><a href=\"\/broschueren\/\"><img decoding=\"async\" loading=\"lazy\" class=\"alignnone wp-image-2192 size-medium\" src=\"https:\/\/ait-xia-dialog.de\/tile-award\/wp-content\/uploads\/2017\/03\/about_ceramic_tiles_2014_kl.jpg\" alt=\"About: Ceramic Tiles Brochure 2013\" width=\"609\" height=\"878\" \/><\/a><br \/>\n<a href=\"\/broschueren\/\"> Zum Magazin<\/a><br \/>\n<\/div>\n<div class=\"grid one-third\">\n<h3>about: CERAMIC TILES 2013<\/h3>\n<p><a href=\"\/broschueren\/\"><img decoding=\"async\" loading=\"lazy\" class=\"alignnone wp-image-2192 size-medium\" src=\"https:\/\/ait-xia-dialog.de\/tile-award\/wp-content\/uploads\/2015\/06\/about-ceramic-tiles-2013.jpg\" alt=\"About: Ceramic Tiles Brochure 2013\" width=\"609\" height=\"878\" \/><\/a><br \/>\n<a href=\"\/broschueren\/\"> Zum Magazin<\/a><br \/>\n<em> about: CERAMIC TILES 2013<\/em> dokumentiert die Arbeiten der Workshopteilnehmer 2012 des TILE AWARD 2012.<br \/>\n<\/div>\n<div class=\"grid one-third last\">\n<h3>TILE AWARD 2010 &#8211; Das Magazin<\/h3>\n<p><a href=\"\/broschueren\/\"><img decoding=\"async\" loading=\"lazy\" class=\"alignnone wp-image-2192 size-medium\" src=\"https:\/\/ait-xia-dialog.de\/tile-award\/wp-content\/uploads\/2017\/03\/782_tileaward_2011.jpg\" alt=\"About: Ceramic Tiles Brochure 2013\" width=\"609\" height=\"878\" \/><\/a><br \/>\n<a href=\"\/broschueren\/\"> Zum Magazin<\/a><br \/>\n<\/div><div class=\"clear\"><\/div>\n<div class=\"hr\"><\/div>\n<div class=\"grid one-third\">\n<h3>AGROB BUCHTAL<\/h3>\n<p><img decoding=\"async\" loading=\"lazy\" class=\"alignnone size-full wp-image-818\" src=\"https:\/\/ait-xia-dialog.de\/tile-award\/wp-content\/uploads\/2017\/04\/Teaserbild-Startseite.jpg\" alt=\"agrob-buchtal-start-2\" width=\"298\" height=\"164\" \/><br \/>\nLernen Sie den Award-Auslober und Keramikfliesenhersteller AGROB BUCHTAL kennen.<br \/>\n<a href=\"\/agrob-buchtal\/\">AGROB BUCHTAL<\/a><br \/>\n<\/div>\n<p>&nbsp;<\/p>\n<p>&nbsp;<\/p>\n<p>&nbsp;<\/p>\n","protected":false},"excerpt":{"rendered":"<p>Die Gewinner der zweiten Phase des Internationalen Newcomer Wettbewerbs TILE AWARD 2017 stehen fest. In der zweiten Jurysitzung, die am 19. Januar 2018 im AIT- ArchitekturSalon Hamburg stattfand, w\u00e4hlten die Jurymitglieder Brendan MacFarlane (Jakob + MacFarlane, FR-Paris), Johan Oscarson (Elding Oscarson, SE-Stockholm), Michael Stoz (Partner AG, DE-Offenburg) und Christian Waldner (AllesWirdGut Architektur ZT GmbH, AT-Wien\/DE-M\u00fcnchen), [&hellip;]<\/p>\n","protected":false},"author":4,"featured_media":0,"parent":0,"menu_order":0,"comment_status":"closed","ping_status":"open","template":"page-templates\/frontpage.php","meta":[],"_links":{"self":[{"href":"https:\/\/ait-xia-dialog.de\/tile-award\/wp-json\/wp\/v2\/pages\/8"}],"collection":[{"href":"https:\/\/ait-xia-dialog.de\/tile-award\/wp-json\/wp\/v2\/pages"}],"about":[{"href":"https:\/\/ait-xia-dialog.de\/tile-award\/wp-json\/wp\/v2\/types\/page"}],"author":[{"embeddable":true,"href":"https:\/\/ait-xia-dialog.de\/tile-award\/wp-json\/wp\/v2\/users\/4"}],"replies":[{"embeddable":true,"href":"https:\/\/ait-xia-dialog.de\/tile-award\/wp-json\/wp\/v2\/comments?post=8"}],"version-history":[{"count":247,"href":"https:\/\/ait-xia-dialog.de\/tile-award\/wp-json\/wp\/v2\/pages\/8\/revisions"}],"predecessor-version":[{"id":3784,"href":"https:\/\/ait-xia-dialog.de\/tile-award\/wp-json\/wp\/v2\/pages\/8\/revisions\/3784"}],"wp:attachment":[{"href":"https:\/\/ait-xia-dialog.de\/tile-award\/wp-json\/wp\/v2\/media?parent=8"}],"curies":[{"name":"wp","href":"https:\/\/api.w.org\/{rel}","templated":true}]}}