{"id":72,"date":"2013-12-02T20:26:14","date_gmt":"2013-12-02T19:26:14","guid":{"rendered":"http:\/\/p210282.webspaceconfig.de\/teilnahme\/ablauf\/"},"modified":"2017-06-09T08:48:28","modified_gmt":"2017-06-09T06:48:28","slug":"termine","status":"publish","type":"page","link":"https:\/\/ait-xia-dialog.de\/tile-award\/teilnahme\/termine\/","title":{"rendered":"Termine"},"content":{"rendered":"<ul class=\"list arrow\">\n<li><strong>Registrierungs- und Einsendeschluss der Entw\u00fcrfe: 16. Juni 2017 <\/strong><br \/>\nRegistrierung unter Angabe des Projekttitels, der Kategorie und der Kontaktdaten. Das Datum des Poststempels oder der E-Mail z\u00e4hlt. Abgabe per E-Mail (max. 20 MB) oder per Post (in Form einer CD)<\/li>\n<li><strong>1. Jurysitzung: 7. Juli 2017<\/strong><br \/>\nAuswahl der Workshopteilnehmer<\/li>\n<li><strong>Workshop mit den Preistr\u00e4gern der 1. Phase: 3.-8. September 2017<\/strong><br \/>\nDie Sch\u00f6pfer der neun \u00fcberzeugendsten Arebiten werden zu einem viert\u00e4gigen Workshop nach Island eingeladen.<\/li>\n<li><strong>2. Jurysitzung: 20. Oktober 2017<\/strong><br \/>\nErmittlung der Arbeiten, die im 1:1 Modell realisiert und ver\u00f6ffentlicht werden<\/li>\n<li><strong>Im Anschluss Bau und Fotoshooting der Gewinner-Entw\u00fcrfe.<\/strong><\/li>\n<\/ul>\n","protected":false},"excerpt":{"rendered":"","protected":false},"author":4,"featured_media":3013,"parent":10,"menu_order":2,"comment_status":"closed","ping_status":"open","template":"page-templates\/child-menu-left.php","meta":[],"_links":{"self":[{"href":"https:\/\/ait-xia-dialog.de\/tile-award\/wp-json\/wp\/v2\/pages\/72"}],"collection":[{"href":"https:\/\/ait-xia-dialog.de\/tile-award\/wp-json\/wp\/v2\/pages"}],"about":[{"href":"https:\/\/ait-xia-dialog.de\/tile-award\/wp-json\/wp\/v2\/types\/page"}],"author":[{"embeddable":true,"href":"https:\/\/ait-xia-dialog.de\/tile-award\/wp-json\/wp\/v2\/users\/4"}],"replies":[{"embeddable":true,"href":"https:\/\/ait-xia-dialog.de\/tile-award\/wp-json\/wp\/v2\/comments?post=72"}],"version-history":[{"count":32,"href":"https:\/\/ait-xia-dialog.de\/tile-award\/wp-json\/wp\/v2\/pages\/72\/revisions"}],"predecessor-version":[{"id":3470,"href":"https:\/\/ait-xia-dialog.de\/tile-award\/wp-json\/wp\/v2\/pages\/72\/revisions\/3470"}],"up":[{"embeddable":true,"href":"https:\/\/ait-xia-dialog.de\/tile-award\/wp-json\/wp\/v2\/pages\/10"}],"wp:featuredmedia":[{"embeddable":true,"href":"https:\/\/ait-xia-dialog.de\/tile-award\/wp-json\/wp\/v2\/media\/3013"}],"wp:attachment":[{"href":"https:\/\/ait-xia-dialog.de\/tile-award\/wp-json\/wp\/v2\/media?parent=72"}],"curies":[{"name":"wp","href":"https:\/\/api.w.org\/{rel}","templated":true}]}}