{"id":2850,"date":"2015-05-28T18:00:51","date_gmt":"2015-05-28T16:00:51","guid":{"rendered":"https:\/\/ait-xia-dialog.de\/tile-award\/?page_id=2850"},"modified":"2018-11-09T15:32:04","modified_gmt":"2018-11-09T14:32:04","slug":"broschueren","status":"publish","type":"page","link":"https:\/\/ait-xia-dialog.de\/tile-award\/broschueren\/","title":{"rendered":"Brosch\u00fcren"},"content":{"rendered":"<div class=\"grid one-half\">\n<h2>Brosch\u00fcren bestellen<\/h2>\n<p>Bestellen Sie jetzt Ihre pers\u00f6nlichen Ausgaben der AGROB BUCHTAL Magazine \u201eabout: ceramic tiles\u201c. Wir senden Ihnen diese gerne per Post kostenfrei zu.<\/p>\n<p>&nbsp;<br \/>\n\n<div class=\"wpcf7 no-js\" id=\"wpcf7-f2845-o1\" lang=\"de-DE\" dir=\"ltr\">\n<div class=\"screen-reader-response\"><p role=\"status\" aria-live=\"polite\" aria-atomic=\"true\"><\/p> <ul><\/ul><\/div>\n<form action=\"\/tile-award\/wp-json\/wp\/v2\/pages\/2850#wpcf7-f2845-o1\" method=\"post\" class=\"wpcf7-form init\" aria-label=\"Kontaktformular\" novalidate=\"novalidate\" data-status=\"init\">\n<div style=\"display: none;\">\n<input type=\"hidden\" name=\"_wpcf7\" value=\"2845\" \/>\n<input type=\"hidden\" name=\"_wpcf7_version\" value=\"5.7.4\" \/>\n<input type=\"hidden\" name=\"_wpcf7_locale\" value=\"de_DE\" \/>\n<input type=\"hidden\" name=\"_wpcf7_unit_tag\" value=\"wpcf7-f2845-o1\" \/>\n<input type=\"hidden\" name=\"_wpcf7_container_post\" value=\"0\" \/>\n<input type=\"hidden\" name=\"_wpcf7_posted_data_hash\" value=\"\" \/>\n<\/div>\n<p><span class=\"wpcf7-form-control-wrap\" data-name=\"checkbox-417\"><span class=\"wpcf7-form-control wpcf7-checkbox wpcf7-validates-as-required\"><span class=\"wpcf7-list-item first\"><label><input type=\"checkbox\" name=\"checkbox-417[]\" value=\"about: ceramic tiles #5\" \/><span class=\"wpcf7-list-item-label\">about: ceramic tiles #5<\/span><\/label><\/span><span class=\"wpcf7-list-item\"><label><input type=\"checkbox\" name=\"checkbox-417[]\" value=\"about: ceramic tiles #4\" \/><span class=\"wpcf7-list-item-label\">about: ceramic tiles #4<\/span><\/label><\/span><span class=\"wpcf7-list-item\"><label><input type=\"checkbox\" name=\"checkbox-417[]\" value=\"about: ceramic tiles 2015\" \/><span class=\"wpcf7-list-item-label\">about: ceramic tiles 2015<\/span><\/label><\/span><span class=\"wpcf7-list-item\"><label><input type=\"checkbox\" name=\"checkbox-417[]\" value=\"about: ceramic tiles 2014\" \/><span class=\"wpcf7-list-item-label\">about: ceramic tiles 2014<\/span><\/label><\/span><span class=\"wpcf7-list-item last\"><label><input type=\"checkbox\" name=\"checkbox-417[]\" value=\"about: ceramic tiles 2013\" \/><span class=\"wpcf7-list-item-label\">about: ceramic tiles 2013<\/span><\/label><\/span><\/span><\/span>\n<\/p>\n<p>E-Mail-Adresse (Pflichtfeld)\n<\/p>\n<p><span class=\"wpcf7-form-control-wrap\" data-name=\"your-email\"><input size=\"40\" class=\"wpcf7-form-control wpcf7-text wpcf7-email wpcf7-validates-as-required wpcf7-validates-as-email\" aria-required=\"true\" aria-invalid=\"false\" value=\"\" type=\"email\" name=\"your-email\" \/><\/span>\n<\/p>\n<p>Firma\n<\/p>\n<p><span class=\"wpcf7-form-control-wrap\" data-name=\"your-company\"><input size=\"40\" class=\"wpcf7-form-control wpcf7-text\" aria-invalid=\"false\" value=\"\" type=\"text\" name=\"your-company\" \/><\/span>\n<\/p>\n<p><span class=\"wpcf7-form-control-wrap\" data-name=\"checkbox-591\"><span class=\"wpcf7-form-control wpcf7-checkbox wpcf7-validates-as-required\"><span class=\"wpcf7-list-item first\"><label><input type=\"checkbox\" name=\"checkbox-591[]\" value=\"Frau\" \/><span class=\"wpcf7-list-item-label\">Frau<\/span><\/label><\/span><span class=\"wpcf7-list-item last\"><label><input type=\"checkbox\" name=\"checkbox-591[]\" value=\"Herr\" \/><span class=\"wpcf7-list-item-label\">Herr<\/span><\/label><\/span><\/span><\/span>\n<\/p>\n<p>Vorname, Name (Pflichtfeld)\n<\/p>\n<p><span class=\"wpcf7-form-control-wrap\" data-name=\"your-name\"><input size=\"40\" class=\"wpcf7-form-control wpcf7-text wpcf7-validates-as-required\" aria-required=\"true\" aria-invalid=\"false\" value=\"\" type=\"text\" name=\"your-name\" \/><\/span>\n<\/p>\n<p>Stra\u00dfe, Nr. (Pflichtfeld)\n<\/p>\n<p><span class=\"wpcf7-form-control-wrap\" data-name=\"your-street\"><input size=\"40\" class=\"wpcf7-form-control wpcf7-text wpcf7-validates-as-required\" aria-required=\"true\" aria-invalid=\"false\" value=\"\" type=\"text\" name=\"your-street\" \/><\/span>\n<\/p>\n<p>PLZ (Pflichtfeld)\n<\/p>\n<p><span class=\"wpcf7-form-control-wrap\" data-name=\"your-citycode\"><input size=\"40\" class=\"wpcf7-form-control wpcf7-text wpcf7-validates-as-required\" aria-required=\"true\" aria-invalid=\"false\" value=\"\" type=\"text\" name=\"your-citycode\" \/><\/span>\n<\/p>\n<p>Stadt (Pflichtfeld)\n<\/p>\n<p><span class=\"wpcf7-form-control-wrap\" data-name=\"your-city\"><input size=\"40\" class=\"wpcf7-form-control wpcf7-text wpcf7-validates-as-required\" aria-required=\"true\" aria-invalid=\"false\" value=\"\" type=\"text\" name=\"your-city\" \/><\/span>\n<\/p>\n<p>Land (Pflichtfeld)\n<\/p>\n<p><span class=\"wpcf7-form-control-wrap\" data-name=\"your-country\"><input size=\"40\" class=\"wpcf7-form-control wpcf7-text wpcf7-validates-as-required\" aria-required=\"true\" aria-invalid=\"false\" value=\"\" type=\"text\" name=\"your-country\" \/><\/span>\n<\/p>\n<p>Telefon\n<\/p>\n<p><span class=\"wpcf7-form-control-wrap\" data-name=\"your-tel\"><input size=\"40\" class=\"wpcf7-form-control wpcf7-text\" aria-invalid=\"false\" value=\"\" type=\"text\" name=\"your-tel\" \/><\/span>\n<\/p>\n<p>Webseite\n<\/p>\n<p><span class=\"wpcf7-form-control-wrap\" data-name=\"your-website\"><input size=\"40\" class=\"wpcf7-form-control wpcf7-text\" aria-invalid=\"false\" value=\"\" type=\"text\" name=\"your-website\" \/><\/span>\n<\/p>\n<p><span class=\"wpcf7-form-control-wrap\" data-name=\"checkbox-496\"><span class=\"wpcf7-form-control wpcf7-checkbox wpcf7-validates-as-required\"><span class=\"wpcf7-list-item first last\"><input type=\"checkbox\" name=\"checkbox-496[]\" value=\"Ich bin damit einverstanden, dass meine pers\u00f6nlichen Angaben gespeichert und f\u00fcr zuk\u00fcnftige Vertriebs- und Marketingzwecke genutzt werden.\" \/><span class=\"wpcf7-list-item-label\">Ich bin damit einverstanden, dass meine pers\u00f6nlichen Angaben gespeichert und f\u00fcr zuk\u00fcnftige Vertriebs- und Marketingzwecke genutzt werden.<\/span><\/span><\/span><\/span>\n<\/p>\n<p><input class=\"wpcf7-form-control has-spinner wpcf7-submit\" type=\"submit\" value=\"Senden\" \/>\n<\/p><div class=\"wpcf7-response-output\" aria-hidden=\"true\"><\/div>\n<\/form>\n<\/div>\n\n<p>&nbsp;<\/p>\n<\/div>\n<div class=\"grid one-half last\">\n<h2>Brosch\u00fcren herunterladen<\/h2>\n<p>Laden Sie jetzt ganz bequem Ausgaben des AGROB BUCHTAL Magazins \u201eabout: ceramic tiles\u201c herunter.<\/p>\n<p>&nbsp;<\/p>\n<div id=\"attachment_3783\" style=\"width: 150px\" class=\"wp-caption alignleft\"><a href=\"https:\/\/ait-xia-dialog.de\/tile-award\/wp-content\/uploads\/2018\/11\/about_ceramic_tiles_05_de.pdf\"><img aria-describedby=\"caption-attachment-3783\" decoding=\"async\" loading=\"lazy\" src=\"https:\/\/ait-xia-dialog.de\/tile-award\/wp-content\/uploads\/2018\/11\/about_05_de_1b.jpg\" alt=\"Alternativtext\" width=\"140\" height=\"185\" class=\"size-full wp-image-3783\" \/><\/a><p id=\"caption-attachment-3783\" class=\"wp-caption-text\">about: ceramic tiles #5<\/p><\/div>\n<div id=\"attachment_3018\" style=\"width: 150px\" class=\"wp-caption alignleft\"><a href=\"https:\/\/ait-xia-dialog.de\/tile-award\/wp-content\/uploads\/2017\/03\/about_ceramic_tiles_04.pdf\"><img aria-describedby=\"caption-attachment-3018\" decoding=\"async\" loading=\"lazy\" src=\"https:\/\/ait-xia-dialog.de\/tile-award\/wp-content\/uploads\/2017\/04\/about_ceramic_tiles_04.jpg\" alt=\"Alternativtext\" width=\"140\" height=\"185\" class=\"size-full wp-image-3171\" \/><\/a><p id=\"caption-attachment-3018\" class=\"wp-caption-text\">about: ceramic tiles #4<\/p><\/div>\n<div id=\"attachment_2853\" style=\"width: 150px\" class=\"wp-caption alignleft\"><a href=\"https:\/\/ait-xia-dialog.de\/tile-award\/wp-content\/uploads\/2015\/05\/968_about_2015.pdf\"><img aria-describedby=\"caption-attachment-2853\" decoding=\"async\" loading=\"lazy\" src=\"https:\/\/ait-xia-dialog.de\/tile-award\/wp-content\/uploads\/2015\/05\/t_968.jpg\" alt=\"Alternativtext\" width=\"140\" height=\"185\" class=\"size-full wp-image-2853\" \/><\/a><p id=\"caption-attachment-2853\" class=\"wp-caption-text\">about: ceramic tiles 2015<\/p><\/div>\n<div id=\"attachment_2859\" style=\"width: 150px\" class=\"wp-caption alignleft\"><a href=\"https:\/\/ait-xia-dialog.de\/tile-award\/wp-content\/uploads\/2015\/05\/919_about.pdf\"><img aria-describedby=\"caption-attachment-2859\" decoding=\"async\" loading=\"lazy\" src=\"https:\/\/ait-xia-dialog.de\/tile-award\/wp-content\/uploads\/2015\/05\/t_919.jpg\" alt=\"Beschriftung\" width=\"140\" height=\"185\" class=\"size-full wp-image-2859\" \/><\/a><p id=\"caption-attachment-2859\" class=\"wp-caption-text\">about: ceramic tiles 2014<\/p><\/div>\n<div id=\"attachment_2864\" style=\"width: 150px\" class=\"wp-caption alignleft\"><a href=\"https:\/\/ait-xia-dialog.de\/tile-award\/wp-content\/uploads\/2015\/05\/781_ab_magazin.pdf\"><img aria-describedby=\"caption-attachment-2864\" decoding=\"async\" loading=\"lazy\" src=\"https:\/\/ait-xia-dialog.de\/tile-award\/wp-content\/uploads\/2015\/05\/t_781.jpg\" alt=\"Beschriftung\" width=\"140\" height=\"185\" class=\"size-full wp-image-2864\" \/><\/a><p id=\"caption-attachment-2864\" class=\"wp-caption-text\">about: ceramic tiles 2013<\/p><\/div>\n<div id=\"attachment_3034\" style=\"width: 150px\" class=\"wp-caption alignleft\"><a href=\"https:\/\/ait-xia-dialog.de\/tile-award\/wp-content\/uploads\/2017\/03\/782_tileaward_2011.pdf\"><img aria-describedby=\"caption-attachment-3034\" decoding=\"async\" loading=\"lazy\" src=\"https:\/\/ait-xia-dialog.de\/tile-award\/wp-content\/uploads\/2017\/03\/782_tileaward_2011-1.jpg\" alt=\"Beschriftung\" width=\"140\" height=\"185\" class=\"size-full wp-image-3034\" \/><\/a><p id=\"caption-attachment-3034\" class=\"wp-caption-text\">TILE AWARD Planungen &#038; Inspirationen mit Neuheiten 2011<\/p><\/div>\n<\/div><div class=\"clear\"><\/div>\n","protected":false},"excerpt":{"rendered":"","protected":false},"author":4,"featured_media":0,"parent":0,"menu_order":0,"comment_status":"closed","ping_status":"open","template":"page-templates\/full-width.php","meta":[],"_links":{"self":[{"href":"https:\/\/ait-xia-dialog.de\/tile-award\/wp-json\/wp\/v2\/pages\/2850"}],"collection":[{"href":"https:\/\/ait-xia-dialog.de\/tile-award\/wp-json\/wp\/v2\/pages"}],"about":[{"href":"https:\/\/ait-xia-dialog.de\/tile-award\/wp-json\/wp\/v2\/types\/page"}],"author":[{"embeddable":true,"href":"https:\/\/ait-xia-dialog.de\/tile-award\/wp-json\/wp\/v2\/users\/4"}],"replies":[{"embeddable":true,"href":"https:\/\/ait-xia-dialog.de\/tile-award\/wp-json\/wp\/v2\/comments?post=2850"}],"version-history":[{"count":29,"href":"https:\/\/ait-xia-dialog.de\/tile-award\/wp-json\/wp\/v2\/pages\/2850\/revisions"}],"predecessor-version":[{"id":3792,"href":"https:\/\/ait-xia-dialog.de\/tile-award\/wp-json\/wp\/v2\/pages\/2850\/revisions\/3792"}],"wp:attachment":[{"href":"https:\/\/ait-xia-dialog.de\/tile-award\/wp-json\/wp\/v2\/media?parent=2850"}],"curies":[{"name":"wp","href":"https:\/\/api.w.org\/{rel}","templated":true}]}}