{"id":26,"date":"2013-11-25T20:57:12","date_gmt":"2013-11-25T19:57:12","guid":{"rendered":"http:\/\/p210282.webspaceconfig.de\/?page_id=26"},"modified":"2015-05-28T18:24:11","modified_gmt":"2015-05-28T16:24:11","slug":"agrob-buchtal","status":"publish","type":"page","link":"https:\/\/ait-xia-dialog.de\/tile-award\/agrob-buchtal\/","title":{"rendered":"Agrob Buchtal"},"content":{"rendered":"<div class=\"grid one-half\">\n<p><a href=\"http:\/\/www.agrob-buchtal.de\/\" target=\"_blank\">AGROB BUCHTAL<\/a>, eine Marke der Deutsche Steinzeug Cremer &amp; Breuer AG, bietet geb\u00fcndelte Kompetenz im Bereich keramischer Fliesen f\u00fcr s\u00e4mtliche Anwendungsbereiche, die in rund hundert L\u00e4ndern auf f\u00fcnf Kontinenten vertrieben werden. Die Wurzeln des historisch gewachsenen Konzerns reichen zur\u00fcck bis ins 18. Jahrhundert. Heute umfasst das Unternehmen vier hoch spezialisierte Fertigungsstandorte in Deutschland, die eine einzigartige Bandbreite an keramischen Belagsmaterialien f\u00fcr Architekten, Planer und Endverbraucher zusammenf\u00fchren:<\/p>\n<ul>\n<li>Hochwertige Wohnkeramik in unterschiedlichen Stilrichtungen<\/li>\n<li>Trittsichere Fliesen f\u00fcr Industrie\/Gewerbe und \u201enassbelastete Barfussbereiche\u201c<\/li>\n<li>Schwimmbadkeramik<\/li>\n<li>Keramische Fassadensysteme<\/li>\n<li>Spezialkeramik wie keramische Duschtassen, Blindenleitsysteme etc.<\/li>\n<li>Repr\u00e4sentative L\u00f6sungen f\u00fcr \u00f6ffentliche Einsatzgebiete wie Ladenbau, Gastronomie, Hotels etc.<\/li>\n<\/ul>\n<p>Die Verbindung von Funktionalit\u00e4t, Qualit\u00e4t und Design ist eine Herausforderung, der sich AGROB BUCHTAL permanent stellt. Die Bed\u00fcrfnisse der Anwender und Gestalter stehen dabei im Mittelpunkt. So entstehen neue innovative Produkte und individuelle L\u00f6sungen. Dabei wird gr\u00f6\u00dfter Wert auf hohe Gestaltungsqualit\u00e4t gelegt &#8211; mit Erfolg, wie die zahlreichen Designpreise und die Zusammenarbeit mit namhaften Architekten zeigen.<\/p>\n<p>Neben Produktqualit\u00e4t \u201eMade in Germany\u201c werden umfassende Service- und Beratungsleistungen geboten. Der eigene Architektenservice begleitet Projekte von Beginn an und nimmt den Architekten viele Aufgaben ab, damit sie sich auf ihre kreative Arbeit konzentrieren k\u00f6nnen.<\/p>\n<p>Ein weiteres wesentliches Alleinstellungsmerkmal ist die in dieser Form einmalige Veredelung \u201e<a href=\"http:\/\/www.agrob-buchtal.de\/ht\/fuer_ihr_objekt\/die_loesung.html?pe_id=26\" target=\"_blank\">HT<\/a>\u201c. Diese revolution\u00e4re Innovation verleiht keramischen Fliesen beeindruckende High-Tech-Eigenschaften: Sie sind extrem reinigungsfreundlich, wirken antibakteriell ohne Chemie und bauen st\u00f6rende bzw. sch\u00e4dliche Stoffe in der Luft ab.<\/p>\n<p>Mehr Informationen unter:<br \/>\n<a href=\"http:\/\/www.agrob-buchtal.de\" target=\"_blank\">www.agrob-buchtal.de<br \/>\n<\/a><a href=\"http:\/\/www.facebook.com\/agrobbuchtal\" target=\"_blank\">www.facebook.com\/agrobbuchtal<\/a><\/p>\n<p>&nbsp;<\/p>\n<\/div>\n<div class=\"grid one-half last\">\n<div id=\"attachment_860\" style=\"width: 1010px\" class=\"wp-caption alignnone\"><img aria-describedby=\"caption-attachment-860\" decoding=\"async\" loading=\"lazy\" class=\"size-full wp-image-860      \" src=\"http:\/\/p210282.webspaceconfig.de\/wp-content\/uploads\/2013\/11\/Emotion-Laden.jpg\" alt=\"Emotion-Laden\" width=\"1000\" height=\"667\" srcset=\"https:\/\/ait-xia-dialog.de\/tile-award\/wp-content\/uploads\/2013\/11\/Emotion-Laden.jpg 1000w, https:\/\/ait-xia-dialog.de\/tile-award\/wp-content\/uploads\/2013\/11\/Emotion-Laden-300x200.jpg 300w, https:\/\/ait-xia-dialog.de\/tile-award\/wp-content\/uploads\/2013\/11\/Emotion-Laden-640x426.jpg 640w\" sizes=\"(max-width: 1000px) 100vw, 1000px\" \/><p id=\"caption-attachment-860\" class=\"wp-caption-text\">Bodenserie Emotion<\/p><\/div>\n<div id=\"attachment_861\" style=\"width: 1010px\" class=\"wp-caption alignnone\"><img aria-describedby=\"caption-attachment-861\" decoding=\"async\" loading=\"lazy\" class=\"size-full wp-image-861    \" src=\"http:\/\/p210282.webspaceconfig.de\/wp-content\/uploads\/2013\/11\/Museum-Basel.jpg\" alt=\"Museum Basel\" width=\"1000\" height=\"667\" srcset=\"https:\/\/ait-xia-dialog.de\/tile-award\/wp-content\/uploads\/2013\/11\/Museum-Basel.jpg 1000w, https:\/\/ait-xia-dialog.de\/tile-award\/wp-content\/uploads\/2013\/11\/Museum-Basel-300x200.jpg 300w, https:\/\/ait-xia-dialog.de\/tile-award\/wp-content\/uploads\/2013\/11\/Museum-Basel-640x426.jpg 640w\" sizes=\"(max-width: 1000px) 100vw, 1000px\" \/><p id=\"caption-attachment-861\" class=\"wp-caption-text\">Museum der Kulturen, Basel<\/p><\/div>\n<div id=\"attachment_862\" style=\"width: 1010px\" class=\"wp-caption alignnone\"><img aria-describedby=\"caption-attachment-862\" decoding=\"async\" loading=\"lazy\" class=\"size-full wp-image-862 \" src=\"http:\/\/p210282.webspaceconfig.de\/wp-content\/uploads\/2013\/11\/Schwimmbad.jpg\" alt=\"Schwimmbad\" width=\"1000\" height=\"667\" srcset=\"https:\/\/ait-xia-dialog.de\/tile-award\/wp-content\/uploads\/2013\/11\/Schwimmbad.jpg 1000w, https:\/\/ait-xia-dialog.de\/tile-award\/wp-content\/uploads\/2013\/11\/Schwimmbad-300x200.jpg 300w, https:\/\/ait-xia-dialog.de\/tile-award\/wp-content\/uploads\/2013\/11\/Schwimmbad-640x426.jpg 640w\" sizes=\"(max-width: 1000px) 100vw, 1000px\" \/><p id=\"caption-attachment-862\" class=\"wp-caption-text\">Schwimmbad De Vrolijkheid<\/p><\/div>\n<div id=\"attachment_863\" style=\"width: 1010px\" class=\"wp-caption alignnone\"><img aria-describedby=\"caption-attachment-863\" decoding=\"async\" loading=\"lazy\" class=\"size-full wp-image-863 \" src=\"http:\/\/p210282.webspaceconfig.de\/wp-content\/uploads\/2013\/11\/Sonaville.jpg\" alt=\"Sonaville\" width=\"1000\" height=\"667\" srcset=\"https:\/\/ait-xia-dialog.de\/tile-award\/wp-content\/uploads\/2013\/11\/Sonaville.jpg 1000w, https:\/\/ait-xia-dialog.de\/tile-award\/wp-content\/uploads\/2013\/11\/Sonaville-300x200.jpg 300w, https:\/\/ait-xia-dialog.de\/tile-award\/wp-content\/uploads\/2013\/11\/Sonaville-640x426.jpg 640w\" sizes=\"(max-width: 1000px) 100vw, 1000px\" \/><p id=\"caption-attachment-863\" class=\"wp-caption-text\">Appartmentkomplex Sonaville<\/p><\/div>\n<p>&nbsp;<\/p>\n<\/div><div class=\"clear\"><\/div>\n","protected":false},"excerpt":{"rendered":"","protected":false},"author":4,"featured_media":0,"parent":0,"menu_order":0,"comment_status":"closed","ping_status":"open","template":"page-templates\/full-width.php","meta":[],"_links":{"self":[{"href":"https:\/\/ait-xia-dialog.de\/tile-award\/wp-json\/wp\/v2\/pages\/26"}],"collection":[{"href":"https:\/\/ait-xia-dialog.de\/tile-award\/wp-json\/wp\/v2\/pages"}],"about":[{"href":"https:\/\/ait-xia-dialog.de\/tile-award\/wp-json\/wp\/v2\/types\/page"}],"author":[{"embeddable":true,"href":"https:\/\/ait-xia-dialog.de\/tile-award\/wp-json\/wp\/v2\/users\/4"}],"replies":[{"embeddable":true,"href":"https:\/\/ait-xia-dialog.de\/tile-award\/wp-json\/wp\/v2\/comments?post=26"}],"version-history":[{"count":25,"href":"https:\/\/ait-xia-dialog.de\/tile-award\/wp-json\/wp\/v2\/pages\/26\/revisions"}],"predecessor-version":[{"id":2869,"href":"https:\/\/ait-xia-dialog.de\/tile-award\/wp-json\/wp\/v2\/pages\/26\/revisions\/2869"}],"wp:attachment":[{"href":"https:\/\/ait-xia-dialog.de\/tile-award\/wp-json\/wp\/v2\/media?parent=26"}],"curies":[{"name":"wp","href":"https:\/\/api.w.org\/{rel}","templated":true}]}}