{"id":1818,"date":"2014-07-14T14:05:11","date_gmt":"2014-07-14T12:05:11","guid":{"rendered":"https:\/\/ait-xia-dialog.de\/tile-award\/?page_id=1818"},"modified":"2017-07-19T13:27:54","modified_gmt":"2017-07-19T11:27:54","slug":"preistraeger","status":"publish","type":"page","link":"https:\/\/ait-xia-dialog.de\/tile-award\/teilnehmer\/teilnehmer-2014\/preistraeger\/","title":{"rendered":"Preistr\u00e4ger 2014"},"content":{"rendered":"<p>Juryurteile Tile Award 2014 | 23. Juni 2014 | Hamburg<\/p>\n<h3>Preistr\u00e4ger: Kategorie Lernen<\/h3>\n<p><strong>Learning Landscapes\u00a0 l\u00a0 <a href=\"https:\/\/ait-xia-dialog.de\/tile-award\/teilnehmer\/teilnehmer-2014\/teilnehmer\/marieke-kums\/\">Marieke Kums<\/a>, STUDIO MAKS, NL-Rotterdam<\/strong><\/p>\n<div id=\"attachment_2833\" style=\"width: 650px\" class=\"wp-caption alignnone\"><a href=\"https:\/\/ait-xia-dialog.de\/tile-award\/wp-content\/uploads\/2015\/02\/Learning_Landscape_Marieke_Kums_TileAward_wide.jpg\" data-rel=\"lightbox-image-0\" data-imagelightbox=\"0\" data-rl_title=\"\" data-rl_caption=\"\" title=\"\"><img aria-describedby=\"caption-attachment-2833\" decoding=\"async\" loading=\"lazy\" class=\"wp-image-2833 size-large\" src=\"https:\/\/ait-xia-dialog.de\/tile-award\/wp-content\/uploads\/2015\/02\/Learning_Landscape_Marieke_Kums_TileAward_wide-1024x719.jpg\" alt=\"Learning_Landscape_Marieke_Kums_TileAward_wide\" width=\"640\" height=\"449\" srcset=\"https:\/\/ait-xia-dialog.de\/tile-award\/wp-content\/uploads\/2015\/02\/Learning_Landscape_Marieke_Kums_TileAward_wide-1024x719.jpg 1024w, https:\/\/ait-xia-dialog.de\/tile-award\/wp-content\/uploads\/2015\/02\/Learning_Landscape_Marieke_Kums_TileAward_wide-300x210.jpg 300w, https:\/\/ait-xia-dialog.de\/tile-award\/wp-content\/uploads\/2015\/02\/Learning_Landscape_Marieke_Kums_TileAward_wide-640x449.jpg 640w\" sizes=\"(max-width: 640px) 100vw, 640px\" \/><\/a><p id=\"caption-attachment-2833\" class=\"wp-caption-text\">Learning Landscapes l Marieke Kums, STUDIO MAKS<\/p><\/div>\n<div class=\"toggle\"><div class=\"title\"><i class=\"icon\"><\/i>Juryurteil<\/div><div class=\"inner\"><div class=\"content\">\n<p>Der erste Konzeptentwurf verf\u00fchrte durch seinen spielerischen Umgang mit der Fliese, lie\u00df in seiner blo\u00dfen Bildhaftigkeit aber noch Fragen offen. In der \u00dcberarbeitung wurde genau dieser Punkt thematisiert. Zuvor rein grafische Motive weichen nun tats\u00e4chlich erlebbaren Momenten: Eine sanft geschwungene Wasserlandschaft, die begr\u00fcnte Inseln umsp\u00fclt. Das Spiel mit Farben und Formen wurde unter der Wasseroberfl\u00e4che weiter gef\u00fchrt. Es unterst\u00fctzt subtil die Textur, die gestaltete Landschaft in ihren weichen Bewegungen und setzt frische farbige Akzente. Mit Bedacht gew\u00e4hlt und gekonnt illustriert ist auch das Szenario, in welchem der Entwurf pr\u00e4sentiert wird &#8211; samt dem Angebot einer m\u00f6glichen Umsetzung.<br \/>\n<\/div><\/div><\/div>\n<p>&nbsp;<\/p>\n<h3>Preistr\u00e4ger: Kategorie Wellness \/ Spa<\/h3>\n<p><strong>Volumetric Light\u00a0 l\u00a0 <a href=\"https:\/\/ait-xia-dialog.de\/tile-award\/teilnehmer\/teilnehmer-2014\/teilnehmer\/ana-fonseca\/\">Ana Fonseca<\/a>, DigitaLab, PT-S\u00e3o Jo\u00e3o da Madeira<\/strong><\/p>\n<div id=\"attachment_2832\" style=\"width: 650px\" class=\"wp-caption alignnone\"><a href=\"https:\/\/ait-xia-dialog.de\/tile-award\/wp-content\/uploads\/2015\/02\/VolumetricLight_final.jpg\" data-rel=\"lightbox-image-1\" data-imagelightbox=\"1\" data-rl_title=\"\" data-rl_caption=\"\" title=\"\"><img aria-describedby=\"caption-attachment-2832\" decoding=\"async\" loading=\"lazy\" class=\"wp-image-2832 size-large\" src=\"https:\/\/ait-xia-dialog.de\/tile-award\/wp-content\/uploads\/2015\/02\/VolumetricLight_final-1024x804.jpg\" alt=\"VolumetricLight_final\" width=\"640\" height=\"502\" srcset=\"https:\/\/ait-xia-dialog.de\/tile-award\/wp-content\/uploads\/2015\/02\/VolumetricLight_final-1024x804.jpg 1024w, https:\/\/ait-xia-dialog.de\/tile-award\/wp-content\/uploads\/2015\/02\/VolumetricLight_final-300x235.jpg 300w, https:\/\/ait-xia-dialog.de\/tile-award\/wp-content\/uploads\/2015\/02\/VolumetricLight_final-640x502.jpg 640w\" sizes=\"(max-width: 640px) 100vw, 640px\" \/><\/a><p id=\"caption-attachment-2832\" class=\"wp-caption-text\">Volumetric Light l Ana Fonseca, DigitaLab<\/p><\/div>\n<div class=\"toggle\"><div class=\"title\"><i class=\"icon\"><\/i>Juryurteil<\/div><div class=\"inner\"><div class=\"content\">\n<p>Schon die Konzeptidee \u00fcberraschte durch ein klares Raumgef\u00fcge,\u00a0das allein durch die skulpturale Ausformulierung des Innenraumes\u00a0den Einsatz von Standardfliesen in einen neuen Kontext setzt. In der weiteren Bearbeitung wurde an der Grundidee festgehalten\u00a0und diese pr\u00e4zisiert. Eindr\u00fccklich, wie die Wirkung des &#8220; Lichtauges&#8220; untersucht und dokumentiert wurde. Wie Blickbez\u00fcge geschaffen\u00a0wurden. Wie das Verh\u00e4ltnis von Innenraum und Au\u00dfenraum in den Proportionen austariert \u00a0wurde. Professionell auch der Einsatz hellerer und dunklerer Farbt\u00f6ne\u00a0der Fliesenreihe, um Licht- und Schatteneffekte zu unterst\u00fctzen. Die pr\u00e4zise und dennoch poetische Entwicklung dieses Innenraumes\u00a0begeistert, die konstruktive Ausarbeitung \u00fcberzeugt. Bildgestaltung und\u00a0Szenerie unterst\u00fctzen die Vermittlung der Intention\u00a0dieses erfundenen Ortes kongenial.<br \/>\n<\/div><\/div><\/div>\n<p>&nbsp;<\/p>\n<h3>Besondere Auszeichnung: Kategorie Wohnen<\/h3>\n<p><strong>Pat(t)io\u00a0 l\u00a0 <a href=\"https:\/\/ait-xia-dialog.de\/tile-award\/teilnehmer\/teilnehmer-2014\/teilnehmer\/mariana-sarbova\/\">Mariana Sarbova<\/a>, MOTTO architectural studio, BG-Burgas<\/strong><\/p>\n<div id=\"attachment_2834\" style=\"width: 650px\" class=\"wp-caption alignnone\"><a href=\"https:\/\/ait-xia-dialog.de\/tile-award\/wp-content\/uploads\/2015\/02\/Pattio_Marina_Sarbova_TileAward.jpg\" data-rel=\"lightbox-image-2\" data-imagelightbox=\"2\" data-rl_title=\"\" data-rl_caption=\"\" title=\"\"><img aria-describedby=\"caption-attachment-2834\" decoding=\"async\" loading=\"lazy\" class=\"size-large wp-image-2834\" src=\"https:\/\/ait-xia-dialog.de\/tile-award\/wp-content\/uploads\/2015\/02\/Pattio_Marina_Sarbova_TileAward-1024x925.jpg\" alt=\"Pat(t)io l Mariana Sarbova, MOTTO architectural studio\" width=\"640\" height=\"578\" srcset=\"https:\/\/ait-xia-dialog.de\/tile-award\/wp-content\/uploads\/2015\/02\/Pattio_Marina_Sarbova_TileAward-1024x925.jpg 1024w, https:\/\/ait-xia-dialog.de\/tile-award\/wp-content\/uploads\/2015\/02\/Pattio_Marina_Sarbova_TileAward-300x271.jpg 300w, https:\/\/ait-xia-dialog.de\/tile-award\/wp-content\/uploads\/2015\/02\/Pattio_Marina_Sarbova_TileAward-640x578.jpg 640w\" sizes=\"(max-width: 640px) 100vw, 640px\" \/><\/a><p id=\"caption-attachment-2834\" class=\"wp-caption-text\">Pat(t)io l Mariana Sarbova, MOTTO architectural studio<\/p><\/div>\n<div class=\"toggle\"><div class=\"title\"><i class=\"icon\"><\/i>Juryurteil<\/div><div class=\"inner\"><div class=\"content\">\n<p>Auf eine ganz konkrete Problematik- die Tristesse bestehender Balkone in Plattenbausiedlungen- wurde eine ganz konkrete Antwort in einem\u00a0Objekt gefunden. Im ersten Entwurfsansatz noch ein klar auf den Au\u00dfenraum\u00a0bezogenes Konzept, wurde es in der vertieften \u00dcberarbeitung erweitert und\u00a0pr\u00e4zisiert. Aus einer robusten, zweidimensionalen Fliese in Rautenform entwickelt\u00a0sich ein dreidimensionales Objekt, das sich dem Nutzer als Gef\u00e4\u00df anbietet, das begr\u00fcnt werden kann oder einfach Schale bleibt, das Innen- und Au\u00dfenraum verschr\u00e4nkt, das spielerisch dekorativ mit einfachen Mitteln den Lebensraum aufwertet. Fraglich bleibt der Materialeinsatz.<br \/>\n<\/div><\/div><\/div>\n<p>&nbsp;<\/p>\n<h3>Besondere Auszeichnung: Kategorie Lernen<\/h3>\n<p><strong><strong>Tiles\u2019 pographic\u00a0 l\u00a0 <\/strong><a href=\"https:\/\/ait-xia-dialog.de\/tile-award\/teilnehmer\/teilnehmer-2014\/teilnehmer\/marine-sulmont\/\">Marine Sulmont<\/a>, FR-S\u00e9n\u00e9chas<br \/>\n<\/strong><\/p>\n<div id=\"attachment_2835\" style=\"width: 650px\" class=\"wp-caption alignnone\"><a href=\"https:\/\/ait-xia-dialog.de\/tile-award\/wp-content\/uploads\/2015\/02\/Play_Tiles_TileAward_Marine_Sulmont.jpg\" data-rel=\"lightbox-image-3\" data-imagelightbox=\"3\" data-rl_title=\"\" data-rl_caption=\"\" title=\"\"><img aria-describedby=\"caption-attachment-2835\" decoding=\"async\" loading=\"lazy\" class=\"size-large wp-image-2835\" src=\"https:\/\/ait-xia-dialog.de\/tile-award\/wp-content\/uploads\/2015\/02\/Play_Tiles_TileAward_Marine_Sulmont-1024x581.jpg\" alt=\"Tiles\u2019 pographic l Marine Sulmont\" width=\"640\" height=\"363\" srcset=\"https:\/\/ait-xia-dialog.de\/tile-award\/wp-content\/uploads\/2015\/02\/Play_Tiles_TileAward_Marine_Sulmont-1024x581.jpg 1024w, https:\/\/ait-xia-dialog.de\/tile-award\/wp-content\/uploads\/2015\/02\/Play_Tiles_TileAward_Marine_Sulmont-300x170.jpg 300w, https:\/\/ait-xia-dialog.de\/tile-award\/wp-content\/uploads\/2015\/02\/Play_Tiles_TileAward_Marine_Sulmont-640x363.jpg 640w\" sizes=\"(max-width: 640px) 100vw, 640px\" \/><\/a><p id=\"caption-attachment-2835\" class=\"wp-caption-text\">Tiles\u2019 pographic l Marine Sulmont<\/p><\/div>\n<div class=\"toggle\"><div class=\"title\"><i class=\"icon\"><\/i>Juryurteil<\/div><div class=\"inner\"><div class=\"content\">\n<p>Das systemische Konzept \u00fcberzeugte von Beginn an in seiner Einfachheit und Klarheit: Ein Fliesentyp, Zwei Farben, F\u00fcnf Motive generieren nahezu unendlich viele Optionen. Ist den 5 Grundelementen noch einer nicht zu dechiffrierenden, magischen Komponente eigen, f\u00fcgen sich diese fraktalen Strukturen im n\u00e4chsten Schritt zu Mustern, Zeichen, W\u00f6rtern. Klare Farben unterst\u00fctzen dabei die Wirkung dieses System, das spielerisch vielf\u00e4ltige Varianten er\u00f6ffnet. In der bildnerischen Bearbeitung beispielhaft sehr sch\u00f6n dargestellt und durchgespielt ist ein m\u00f6glicher r\u00e4umlicher Einsatz. W\u00fcnschenswert w\u00e4re die Entwicklung einer Farbreihe, in der die Kombination zweier starker Farben in einer Kollektion gedacht wird.<br \/>\n<\/div><\/div><\/div>\n","protected":false},"excerpt":{"rendered":"<p>Juryurteile Tile Award 2014 | 23. Juni 2014 | Hamburg Preistr\u00e4ger: Kategorie Lernen Learning Landscapes\u00a0 l\u00a0 Marieke Kums, STUDIO MAKS, NL-Rotterdam &nbsp; Preistr\u00e4ger: Kategorie Wellness \/ Spa Volumetric Light\u00a0 l\u00a0 Ana Fonseca, DigitaLab, PT-S\u00e3o Jo\u00e3o da Madeira &nbsp; Besondere Auszeichnung: Kategorie Wohnen Pat(t)io\u00a0 l\u00a0 Mariana Sarbova, MOTTO architectural studio, BG-Burgas &nbsp; Besondere Auszeichnung: Kategorie Lernen [&hellip;]<\/p>\n","protected":false},"author":4,"featured_media":0,"parent":79,"menu_order":0,"comment_status":"closed","ping_status":"closed","template":"page-templates\/child-menu-left.php","meta":[],"_links":{"self":[{"href":"https:\/\/ait-xia-dialog.de\/tile-award\/wp-json\/wp\/v2\/pages\/1818"}],"collection":[{"href":"https:\/\/ait-xia-dialog.de\/tile-award\/wp-json\/wp\/v2\/pages"}],"about":[{"href":"https:\/\/ait-xia-dialog.de\/tile-award\/wp-json\/wp\/v2\/types\/page"}],"author":[{"embeddable":true,"href":"https:\/\/ait-xia-dialog.de\/tile-award\/wp-json\/wp\/v2\/users\/4"}],"replies":[{"embeddable":true,"href":"https:\/\/ait-xia-dialog.de\/tile-award\/wp-json\/wp\/v2\/comments?post=1818"}],"version-history":[{"count":15,"href":"https:\/\/ait-xia-dialog.de\/tile-award\/wp-json\/wp\/v2\/pages\/1818\/revisions"}],"predecessor-version":[{"id":2837,"href":"https:\/\/ait-xia-dialog.de\/tile-award\/wp-json\/wp\/v2\/pages\/1818\/revisions\/2837"}],"up":[{"embeddable":true,"href":"https:\/\/ait-xia-dialog.de\/tile-award\/wp-json\/wp\/v2\/pages\/79"}],"wp:attachment":[{"href":"https:\/\/ait-xia-dialog.de\/tile-award\/wp-json\/wp\/v2\/media?parent=1818"}],"curies":[{"name":"wp","href":"https:\/\/api.w.org\/{rel}","templated":true}]}}